 -58 + (-1 - 12) + 0 + 6 + -4 + 11?
-58
What is the value of 3 + 5 - 1 - (9 + -4 + (110 - 121))?
13
What is the value of -1173 + 1202 + 1 + -101 + -34?
-105
What is -104 + -73 + 392 + -98?
117
Calculate (0 - 1) + (-2639 - -2658).
18
Calculate (9 - 0 - (-6 - (3 + -3 + -10))) + -26.
-21
-10 + 7 - 2 - -11 - (0 - -1)
5
Calculate -120 - (7 - (14 - -45)).
-68
-1 + 142 + -272 + 228
97
What is the value of -13 + (3 + 13 + 3 + -26 + 14 - -11)?
5
Evaluate -2 + 62 + (427 - 422).
65
What is 1 - (74 + (-1 - -25 - 24))?
-73
Evaluate -11 - ((-31 - -2) + 19) - 0.
-1
What is the value of 14 + 2 + (34 - 0) + 68 + -63?
55
-113 + (-45 - -47) + 63
-48
Evaluate 27 + 44 + -3 - (4 - (1 - -16)).
81
Evaluate -26 + 12 - 39 - 1.
-54
-33 + (34 - (-20 + 73 - 7))
-45
Evaluate 39 - (9 + -65 + 62).
33
What is 14 + 2 - (-64 - (1 - 64))?
17
What is -40 + -10 + (6 - -20)?
-24
What is 79 + 55 + -250 + 97?
-19
Evaluate (-20 - -22) + (-9 - -23 - 10) + -1 + -38.
-33
Evaluate -52 + 39 - 53 - -32.
-34
What is 3 + (25 - (-8 + 16) - 13)?
7
Evaluate (-4 - -24) + -48 - -48.
20
What is the value of 34 - ((-5 - -3) + 3) - (60 - 126 - -73)?
26
Evaluate 3 + (-27 - -21) + -19 - -55.
33
What is the value of (146 - -1) + 1576 + -1663?
60
What is the value of 1 + 118 + -2 - (60 + (-76 - -35))?
98
What is the value of 1 - -22 - (-132 + 137 - (-1 + 5))?
22
Evaluate 40 + 0 + -482 + 487 + (2 - 16).
31
What is (6 - 6) + -6 + -3 - (-103 + 42)?
52
What is the value of (-34 - (-54 - -28 - (2 + -12))) + -64?
-82
What is the value of (0 - 83) + -2 + 230 + -202 + -22?
-79
What is the value of 48 + -49 + -3 + 23 + -112?
-93
What is the value of -77 + 10 + -14 + -1 + 3 - -13?
-66
What is 42 + -3 + -442 + 386?
-17
Calculate -42 - (47 - (29 - -30 - 1)).
-31
What is (5 - ((22 - 70) + -2)) + 0?
55
(8 - -2) + -4 - (5 + (5 + 18 - -57))
-79
Calculate (-105 + 35 - -34) + 18.
-18
Evaluate -32 + (-125 - -115) - (-10 + -1).
-31
Evaluate (1 - -13) + (-21 - -12) + -2 + -13.
-10
9836 - 9825 - ((-3 - (-4 - -2 - 1)) + -15)
26
Calculate (-24 - (39 - 44 - -3)) + 18.
-4
What is the value of -29 + 31 - (25 - 18 - (1 + 19))?
15
Calculate 18 - (-39 + (-70 - -132)).
-5
-8 - (181 - 192 - (-21 + -1 + 0) - 123)
104
-47 + (-79 - -206) + -68
12
(4 - (-10 + 1)) + -1 - (-109 - -154)
-33
What is 0 - -1 - (-66 + (-6 - -48) + 6 + -27)?
46
4 + (-71 - (1 - 7) - (7 + -1 - 17))
-50
-9 - (-147 - -75 - 46)
109
(-4981 - -4967 - (-30 + (-1 - 0))) + 2
19
Calculate -52 + -1 + 7 + (-22 - -42).
-26
What is -73 + 20 + -25 - -24?
-54
3 + 43 - (5 - -1 - (44 - 56))
28
What is -589 - -597 - (-62 - ((2 + 1 - 0) + 0))?
73
Calculate 47 + 22 + -50 - -22.
41
What is the value of -53 - -110 - 74 - (-34 + -2)?
19
Calculate (9 - (-28 + (22 + 4 - 6))) + -32.
-15
Calculate (1 - -55) + -4784 + 4803.
75
What is -105 + -5 - (-284 - -117)?
57
What is the value of -49 + 1 - ((-13 - -4) + -2 + 2 + 4)?
-43
Calculate -23 - 2 - (539 - 554).
-10
What is (5 - ((-19 - -14) + 22)) + (-6 + 169 - 7)?
144
21 - (-115 + 132) - (-32 - 2 - (-3 - -3))
38
0 + 32 + (-5 - (13 - (-23 + (-5 - -44))))
30
Calculate -15 - ((229 - 213) + (3 - -4 - -4)).
-42
-52 - -38 - (-27 - 21 - -12)
22
Calculate (-17 - -7 - 20) + 18.
-12
Calculate (-34 - (22 - 65)) + -5.
4
Evaluate -2 + -6 - (-5 - (-50 - -43)) - (52 - 2).
-60
Calculate 1 + -29 - (-3 - 45) - -23.
43
What is the value of -10 + -5 + -6 + (-41 - -7)?
-55
Evaluate -10 + 22 + (3 - (-11 + 5)) + -1 + 7.
27
What is the value of -8 - (-9 - (57 - (-6 + 21)))?
43
3 + -10 + -19 + 42
16
17 + (339 - 341 - (0 - -2))
13
What is the value of 30 + ((4 - 13) + 10 - 1)?
30
Evaluate -17 + 4 - (-52 - (1 + -10 - (57 + -67))).
40
71 - 78 - (13 + -7 - (-4 + 49 + -5))
27
Calculate 11 - ((10 - (-10 - -26)) + (0 - -46)).
-29
Evaluate 21 + -32 - ((-14 - (-53 + -18)) + -9).
-59
Evaluate 8 - (-111 + (-7 + 15 - -15) + -3).
99
What is the value of -11 + (-17 - (8 + -26)) + 5?
-5
Calculate 7 - ((11 - (2 - -16)) + 10).
4
Calculate 15 - (-23 + (23 - (15 - -23))).
53
(8 - 20) + 7 - (-33 - (5 + -4) - 5)
34
What is (-36 - -87 - 51) + (-3 - 61)?
-64
(96 - 104) + -25 - 23
-56
What is -4 - (0 + 1) - (-9 + 31 - 73)?
46
What is (-10 - -5 - -58) + -1 - (9 - -3)?
40
Calculate -64 + 17 + 20 + (35 - -53).
61
-50 + (-4 - (-12 + (-4 - -4))) + -235 + 235
-42
1 + (-8 - -1) + 152 + -97
49
Calculate (-15 - -33 - 13 - 6) + -2 + 110.
107
What is the value of (0 - -1) + -1 + -8 - (54 + -31)?
-31
Calculate (2 - -72) + -4 + (-14 + -11 - -13).
58
What is the value of -55 - (-4 - -3) - (3588 + -3550)?
-92
What is 3 + (-1 - (-29 - -19) - -18)?
30
Evaluate 7 - (-28 + 4 + 30 + 23 + -1).
-21
Evaluate 107 + -112 + 6 + -3 + -11.
-13
What is the value of 51 + (-13 - -2) + 7 + -38 + 20?
29
Evaluate -26 + (7 - (1 + 25)).
-45
What is the value of -102 + -1 + 25 + -18 + (1 - -8) - -11?
-76
90 + -93 + (0 - 14) + 40
23
-79 + (-1 + -49 - -87)
-42
What is the value of (-26 + 15 - (4 + -25)) + (-1 - -27)?
36
Evaluate (144 - 1) + (-66 - -2) + (3477 - 3429).
127
16 + (12 - 8 - 12) + -3 + 5
10
Evaluate -110 + 7 - (-1679 + 1704).
-128
What is the value of 13 + (17 - 59) + 41?
12
(10 - 8) + (-40 - -18) + (2 - (3 + 0))
-21
What is the value of -35 + -13 - (4 - (-9 - (-17 - -9)))?
-53
What is the value of 21 + -1 + (121 - -141) + -347?
-65
(12 - 33) + 113 - ((15 - 16) + -2)
95
What is the value of -213 + 165 - (-2 - (-18 - (0 + 2 - 4)))?
-62
What is -6 + -6 + -4 + 41 + -26?
-1
What is the value of 296 - 207 - (-4 + 2 + -3 - (-13 - -1))?
82
What is the value of (-1 - 6 - (-1285 + 1237)) + -151?
-110
What is -6891 - -6967 - (2 - 7)?
81
What is 1 + -109 + 71 - -71?
34
Calculate -62 - ((7 - 60) + 6).
-15
What is 2 + (1 - 78) - (3344 + -3335) - 6?
-90
What is the value of -6 - 7 - (47 - (6 - -27))?
-27
What is the value of (18 + 47 - 5) + (0 - 7) + -14?
39
Calculate 1 + (-1 - -5) + (-3 - -13 - 8) + -31.
-24
Evaluate 55 + (55 - 3 - 117).
-10
Calculate -34 + 19 + (-10 - -1).
-24
What is the value of -4 + (-9 - (-5 - 10)) + (-2 - (-10 + -67))?
77
Evaluate -15 + 20 - (-18 - -14 - 0) - -45.
54
Evaluate (-9 - (-59 - -117)) + 158.
91
Evaluate (2 + -23 - (-75 + 79)) + 13.
-12
Calculate 58 - 43 - (-84 + 56).
43
Calculate -68 + (64 - 117) + 74.
-47
Calculate 11 + (0 + 5 - (30 - (-8 + 50))).
28
Calculate 31 + -73 + 58 + 9 + (-1 + -3 - -5).
26
Calculate -157 - -276 - 116 - (0 + 2 + 55).
-54
Calculate 0 - (36 + (35 - -16)).
-87
-63 + -75 - (-3 - 31)
-104
-75 + (73 - 7 - 1)
-10
Evaluate 14 - ((71 - 44) + -29).
16
Calculate (-5 - (-8 - (10 - (22 + (4 - -1))))) + 132.
118
Evaluate (5 - (-5 - (-4 - 10 - -13))) + -42 + -2.
-35
-9 - (-51 - (26 + -57))
11
What is the value of 8 + (20 + -26 - -12) + -35?
-21
What is the value of (23 - (13 + -6 + 5)) + 23?
34
Calculate -1 + 49 - ((40 - (49 + -40)) + -42).
59
Evaluate (-219 - -105) + 124 - 132.
-122
Evaluate 187 + -198 - (-33 - -3).
19
Calculate 7 + 0 - (15 - (0 - (0 + 10 + -14))).
-4
Evaluate -80 - ((-71 - 71) + 74).
-12
What is the value of -2 + 4 + -14 + 35 + -16 + 32?
39
Calculate -46 - -3 - (-3280 - -3188).
49
Calculate 18 - (9 - -39) - -47.
17
-3 - 17 - (4 + -9 + -4 + 5)
-16
What is -4 + -46 + 10 + -7 + 18 + -18 + 10?
-37
What is the value of -10 - (78 - ((33 - 27) + -10))?
-92
Calculate -98 + (-7 - (8 - (17 + -1))).
-97
Evaluate 3 + (-7 - 3) - (-13 - (8 - -18)).
32
Evaluate -7 + 11 + 5 - (-8 - (-12 - -12)).
17
Evaluate -15 + 4 + -26 - 4 - -25.
-16
What is the value of 1 - (1 + 4 - (-2 - -7)) - (121 - 88)?
-32
Evaluate -169 - -172 - (2 - -5) - -13.
9
What is the value of (17 - 5) + (197 + -332 - (6 + 0 - 0))?
-129
What is the value of -56 + 12 + 90 - 24?
22
Evaluate (-4 + -1 - -7 - (-2 + -8)) + 17.
29
(-55 - (3 - 2)) + -380 + (188 - -183)
-65
What is 58 + 1 + (399 - 408)?
50
Calculate 53 + 21 + -135 + -22.
-83
What is the value of (-196 + 190 - (-2 - 8)) + (0 - -26) + -8?
22
What is 13 - (15 - (17 + -17 + 12 + -8))?
2
What is the value of 2 - (-1 - 1) - (919 + -945)?
30
-8 - -3 - (31 + (12 - 9)) - (3 + -1)
-41
What is the value of (-1 + 2 + -14 - (-175 + 164)) + -6?
-8
What is the value of (22 - -1) + (-148 - -132) + 4 + 58?
69
What is 28 + -3 + (3 - ((6 - 10) + 4))?
28
(-6 + -18 - -16) + 1 - -5
-2
What is (-9 - 12 - -18 - -51 - 15) + 11 + 0?
44
(9 + -21 + 8 + -1 + -3 - 29) + 8
-29
What is (14 - 0) + (-157 + (-3 - 8) - -27 - 0)?
-127
-22 - ((25 - (4 + 23)) + 8)
-28
What is the value of (21 + -1